{"id":138,"date":"2019-01-31T18:42:13","date_gmt":"2019-01-31T18:42:13","guid":{"rendered":"https:\/\/umnb.ca\/fr\/congres-annuel-2019\/"},"modified":"2021-07-27T17:02:06","modified_gmt":"2021-07-27T17:02:06","slug":"congres-annuel-2019","status":"publish","type":"page","link":"https:\/\/umnb.ca\/fr\/congres-annuel-2019\/","title":{"rendered":"UMNB 2019"},"content":{"rendered":"<p>[et_pb_section fb_built=\u00a0\u00bb1&Prime; admin_label=\u00a0\u00bbHeader\u00a0\u00bb _builder_version=\u00a0\u00bb3.22&Prime; use_background_color_gradient=\u00a0\u00bbon\u00a0\u00bb background_color_gradient_start=\u00a0\u00bbrgba(255,255,255,0.89)\u00a0\u00bb background_color_gradient_end=\u00a0\u00bbrgba(255,255,255,0)\u00a0\u00bb background_color_gradient_type=\u00a0\u00bbradial\u00a0\u00bb background_color_gradient_direction_radial=\u00a0\u00bbtop left\u00a0\u00bb background_color_gradient_start_position=\u00a0\u00bb30%\u00a0\u00bb background_color_gradient_end_position=\u00a0\u00bb80%\u00a0\u00bb background_color_gradient_overlays_image=\u00a0\u00bbon\u00a0\u00bb background_image=\u00a0\u00bbhttps:\/\/umnb.ca\/wp-content\/uploads\/2019\/06\/Fredericton2byKandiseBrown.jpg\u00a0\u00bb custom_padding=\u00a0\u00bb8vw|0px|280px|0px|false|false\u00a0\u00bb][et_pb_row _builder_version=\u00a0\u00bb3.25&Prime;][et_pb_column type=\u00a0\u00bb4_4&Prime; _builder_version=\u00a0\u00bb3.25&Prime; custom_padding=\u00a0\u00bb|||\u00a0\u00bb custom_padding__hover=\u00a0\u00bb|||\u00a0\u00bb][et_pb_text _builder_version=\u00a0\u00bb3.27.4&Prime; text_font=\u00a0\u00bb||||||||\u00a0\u00bb header_font=\u00a0\u00bbRaleway|700|||||||\u00a0\u00bb header_font_size=\u00a0\u00bb80px\u00a0\u00bb header_line_height=\u00a0\u00bb1.2em\u00a0\u00bb header_5_font=\u00a0\u00bbRaleway|700||on|||||\u00a0\u00bb header_5_text_color=\u00a0\u00bb#000000&Prime; header_5_font_size=\u00a0\u00bb20px\u00a0\u00bb header_5_letter_spacing=\u00a0\u00bb0.5em\u00a0\u00bb header_5_line_height=\u00a0\u00bb1.8em\u00a0\u00bb animation_style=\u00a0\u00bbzoom\u00a0\u00bb animation_intensity_zoom=\u00a0\u00bb5%\u00a0\u00bb header_font_size_tablet=\u00a0\u00bb48px\u00a0\u00bb header_font_size_phone=\u00a0\u00bb32px\u00a0\u00bb header_font_size_last_edited=\u00a0\u00bbon|phone\u00a0\u00bb header_5_font_size_tablet=\u00a0\u00bb14px\u00a0\u00bb header_5_font_size_phone=\u00a0\u00bb12px\u00a0\u00bb header_5_font_size_last_edited=\u00a0\u00bbon|desktop\u00a0\u00bb]<\/p>\n<h5>4 &#8211; 6 octobre 2019<\/h5>\n<h1>Congr\u00e8s annuel<\/h1>\n<p>[\/et_pb_text][\/et_pb_column][\/et_pb_row][\/et_pb_section][et_pb_section fb_built=\u00a0\u00bb1&Prime; admin_label=\u00a0\u00bbBlog\u00a0\u00bb _builder_version=\u00a0\u00bb3.22&Prime; background_color=\u00a0\u00bb#ffffff\u00a0\u00bb max_width=\u00a0\u00bb90%\u00a0\u00bb max_width_tablet=\u00a0\u00bb\u00a0\u00bb max_width_phone=\u00a0\u00bb100%\u00a0\u00bb max_width_last_edited=\u00a0\u00bbon|phone\u00a0\u00bb custom_margin=\u00a0\u00bb-160px|||\u00a0\u00bb border_color_all=\u00a0\u00bb#ffffff\u00a0\u00bb border_width_left=\u00a0\u00bb10vw\u00a0\u00bb][et_pb_row _builder_version=\u00a0\u00bb3.25&Prime;][et_pb_column type=\u00a0\u00bb4_4&Prime; _builder_version=\u00a0\u00bb3.25&Prime; custom_padding=\u00a0\u00bb|||\u00a0\u00bb custom_padding__hover=\u00a0\u00bb|||\u00a0\u00bb][et_pb_text admin_label=\u00a0\u00bbText\u00a0\u00bb _builder_version=\u00a0\u00bb3.27.4&Prime; background_size=\u00a0\u00bbinitial\u00a0\u00bb background_position=\u00a0\u00bbtop_left\u00a0\u00bb background_repeat=\u00a0\u00bbrepeat\u00a0\u00bb]<\/p>\n<p>Le congr\u00e8s annuel et l&rsquo;AGA 2019 de l&rsquo;UMNB ont eu lieu du 4 au 6 octobre 2019 au Crowne Plaza de Fredericton, Nouveau-Brunswick.<a href=\"mailto:margot.cragg@umnb.ca\"><\/a><\/p>\n<p>[\/et_pb_text][\/et_pb_column][\/et_pb_row][et_pb_row column_structure=\u00a0\u00bb2_5,3_5&Prime; _builder_version=\u00a0\u00bb3.25&Prime;][et_pb_column type=\u00a0\u00bb2_5&Prime; _builder_version=\u00a0\u00bb3.25&Prime; custom_padding=\u00a0\u00bb|||\u00a0\u00bb custom_padding__hover=\u00a0\u00bb|||\u00a0\u00bb][et_pb_text _builder_version=\u00a0\u00bb3.27.4&Prime;]<a href=\"https:\/\/umnb.ca\/wp-content\/uploads\/2019\/09\/AGM2019_AgendaFR_09-30.pdf\"><strong>PROGRAMME (PDF)<\/strong><\/a><\/p>\n<p><a href=\"https:\/\/umnb.ca\/wp-content\/uploads\/2019\/10\/UMNB2019_-HandbookFR-sm.pdf\"><strong>GUIDE (PDF)<\/strong><\/a><\/p>\n<p><a href=\"https:\/\/umnb.ca\/fr\/nos-membres\/prix-commemoratifs\/\"><strong>B\u00c9N\u00c9FICIAIRES DES PRIX COMM\u00c9MORATIFS<\/strong><\/a><\/p>\n<p><a href=\"https:\/\/umnb.ca\/wp-content\/uploads\/2019\/09\/UMNB2019-Resolutions-Rapport-FR-1.pdf\"><strong>R\u00c9SOLUTIONS PR\u00c9SENT\u00c9ES \u00c0 L&rsquo;AGA (PDF)<\/strong><\/a>[\/et_pb_text][\/et_pb_column][et_pb_column type=\u00a0\u00bb3_5&Prime; _builder_version=\u00a0\u00bb3.25&Prime; custom_padding=\u00a0\u00bb|||\u00a0\u00bb custom_padding__hover=\u00a0\u00bb|||\u00a0\u00bb][et_pb_text _builder_version=\u00a0\u00bb3.27.4&Prime;]<b>PR\u00c9SENTATIONS 2019<\/b><\/p>\n<p><b>vendredi<\/b><\/p>\n<p><a href=\"https:\/\/umnb.ca\/wp-content\/uploads\/2019\/10\/UMNB2019-MurrayJamer_AtelierAAMNB-Conseiletpersonnel_FR.pptx\">Atelier de l&rsquo;AAMNB: B\u00e2tir une relation de travail efficace entre le conseil et les cadres sup\u00e9rieurs, Murray Jamer<\/a><\/p>\n<p><a href=\"https:\/\/umnb.ca\/wp-content\/uploads\/2019\/10\/UMNB2019-HaleyFlaro-CapaciteNB-AuDelaDeLaRampeFR.pptx\">Haley Flaro (Capacit\u00e9 NB) &#8211; Au del\u00e0 des rampes<\/a><\/p>\n<p><a href=\"https:\/\/umnb.ca\/wp-content\/uploads\/2019\/10\/UMNB2019-SarahWagner-ANBIC-CommunautesinclusivesFR.pptx\">Sarah Wagner (ANBIC) &#8211; Communaut\u00e9s inclusives<\/a><\/p>\n<p><a href=\"https:\/\/umnb.ca\/wp-content\/uploads\/2019\/10\/UMNB2019-JeffRenaud-CAMA-CAOEvaluationToolkitFR.pptx\">Jeff Renaud &#8211; ACAM &#8211; Trousse d\u2019\u00e9valuation du rendement des directeurs g\u00e9n\u00e9raux<\/a><\/p>\n<p><a href=\"https:\/\/umnb.ca\/wp-content\/uploads\/2019\/10\/UMNB2019-HeatherMacLean-TaylorMadeSolutions_MediasSociauxFR.pptx\">Heather MacLean (TaylorMade Solutions) &#8211; Les m\u00e9dias sociaux<\/a><\/p>\n<p><strong>samedi<\/strong><\/p>\n<p><a href=\"https:\/\/umnb.ca\/wp-content\/uploads\/2019\/10\/UMNB2019-RichardSaillant-Vieillissement-de\u0301mographique-pe\u0301re\u0301quation-et-financement-municipal-FR.pdf\">Richard Saillant &#8211; Les revenus municipaux et la crise d\u00e9mographique<\/a><\/p>\n<p><a href=\"https:\/\/umnb.ca\/wp-content\/uploads\/2019\/10\/UMNB2019-KimPoffenroth-ChoixlocalVoixlocaleFR.pptx\">Kim Poffenroth (\u00c9lectionsNB) &#8211; Choix local, voix locale<\/a><\/p>\n<p><a href=\"https:\/\/umnb.ca\/wp-content\/uploads\/2019\/10\/UMNB2019-StephanieHoey-FCM-VersLaParityFR.pptx\">Stephanie Hoey (FCM) &#8211; Vers la parit\u00e9<\/a><\/p>\n<p><strong>dimanche<\/strong><\/p>\n<p><a href=\"https:\/\/umnb.ca\/wp-content\/uploads\/2019\/10\/UMNB2019-JDI-ForetscommunatesFR.pdf\">Robert Fawcett (JDI) &#8211; Des for\u00eats saines, des communaut\u00e9s dynamiques<\/a>[\/et_pb_text][\/et_pb_column][\/et_pb_row][et_pb_row _builder_version=\u00a0\u00bb3.25&Prime;][et_pb_column type=\u00a0\u00bb4_4&Prime; _builder_version=\u00a0\u00bb3.25&Prime; custom_padding=\u00a0\u00bb|||\u00a0\u00bb custom_padding__hover=\u00a0\u00bb|||\u00a0\u00bb][et_pb_gallery gallery_ids=\u00a0\u00bb2869,2871,2873,2875,2877,2879,2881,2883,2885,2887,2889,2891,2893,2895,2897,2899,2901,2903,2905,2907,2909,2911,2913,2915,2917&Prime; _builder_version=\u00a0\u00bb3.19.15&Prime;][\/et_pb_gallery][\/et_pb_column][\/et_pb_row][\/et_pb_section]<\/p>\n","protected":false},"excerpt":{"rendered":"<p>4 &#8211; 6 octobre 2019 Congr\u00e8s annuelLe congr\u00e8s annuel et l&rsquo;AGA 2019 de l&rsquo;UMNB ont eu lieu du 4 au 6 octobre 2019 au Crowne Plaza de Fredericton, Nouveau-Brunswick.PROGRAMME (PDF) GUIDE (PDF) B\u00c9N\u00c9FICIAIRES DES PRIX COMM\u00c9MORATIFS R\u00c9SOLUTIONS PR\u00c9SENT\u00c9ES \u00c0 L&rsquo;AGA (PDF)PR\u00c9SENTATIONS 2019 vendredi Atelier de l&rsquo;AAMNB: B\u00e2tir une relation de travail efficace entre le conseil [&hellip;]<\/p>\n","protected":false},"author":1,"featured_media":0,"parent":0,"menu_order":0,"comment_status":"open","ping_status":"closed","template":"","meta":{"_et_pb_use_builder":"on","_et_pb_old_content":"<strong>UMNB's 2019 Annual Conference<\/strong> will be held October 4-6, 2019 in Fredericton, NB.\r\n\r\nFor speaking opportunities and conference sponsorships, contact Margot Cragg at <a href=\"mailto:margot.cragg@umnb.ca\">margot.cragg@umnb.ca<\/a>\r\n\r\nFor registration and our 2019 Trade Show, contact Devika Dadhe at <a href=\"mailto:devika.dadhe@umnb.ca\">devika.dadhe@umnb.ca<\/a>\r\n\r\n<img class=\"alignnone size-full wp-image-29801\" src=\"http:\/\/www.umnb.ca\/newsite\/wp-content\/uploads\/2019\/01\/IMG_2111-1.jpeg\" alt=\"\" width=\"6904\" height=\"1871\" \/>","_et_gb_content_width":"","footnotes":""},"class_list":["post-138","page","type-page","status-publish","hentry"],"_links":{"self":[{"href":"https:\/\/umnb.ca\/fr\/wp-json\/wp\/v2\/pages\/138\/"}],"collection":[{"href":"https:\/\/umnb.ca\/fr\/wp-json\/wp\/v2\/pages\/"}],"about":[{"href":"https:\/\/umnb.ca\/fr\/wp-json\/wp\/v2\/types\/page\/"}],"author":[{"embeddable":true,"href":"https:\/\/umnb.ca\/fr\/wp-json\/wp\/v2\/users\/1\/"}],"replies":[{"embeddable":true,"href":"https:\/\/umnb.ca\/fr\/wp-json\/wp\/v2\/comments\/?post=138"}],"version-history":[{"count":34,"href":"https:\/\/umnb.ca\/fr\/wp-json\/wp\/v2\/pages\/138\/revisions\/"}],"predecessor-version":[{"id":6816,"href":"https:\/\/umnb.ca\/fr\/wp-json\/wp\/v2\/pages\/138\/revisions\/6816\/"}],"wp:attachment":[{"href":"https:\/\/umnb.ca\/fr\/wp-json\/wp\/v2\/media\/?parent=138"}],"curies":[{"name":"wp","href":"https:\/\/api.w.org\/{rel}","templated":true}]}}

<p>[et_pb_section fb_built= »1&Prime; admin_label= »Header » _builder_version= »3.22&Prime; use_background_color_gradient= »on » background_color_gradient_start= »rgba(255,255,255,0.89) » background_color_gradient_end= »rgba(255,255,255,0) » background_color_gradient_type= »radial » background_color_gradient_direction_radial= »top left » background_color_gradient_start_position= »30% » background_color_gradient_end_position= »80% » background_color_gradient_overlays_image= »on » background_image= »https://umnb.ca/wp-content/uploads/2019/06/Fredericton2byKandiseBrown.jpg » custom_padding= »8vw|0px|280px|0px|false|false »][et_pb_row _builder_version= »3.25&Prime;][et_pb_column type= »4_4&Prime; _builder_version= »3.25&Prime; custom_padding= »||| » custom_padding__hover= »||| »][et_pb_text _builder_version= »3.27.4&Prime; text_font= »|||||||| » header_font= »Raleway|700||||||| » header_font_size= »80px » header_line_height= »1.2em » header_5_font= »Raleway|700||on||||| » header_5_text_color= »#000000&Prime; header_5_font_size= »20px » header_5_letter_spacing= »0.5em » header_5_line_height= »1.8em » animation_style= »zoom » animation_intensity_zoom= »5% » header_font_size_tablet= »48px » header_font_size_phone= »32px » header_font_size_last_edited= »on|phone » header_5_font_size_tablet= »14px » header_5_font_size_phone= »12px » header_5_font_size_last_edited= »on|desktop »]</p>
<h5>4 &#8211; 6 octobre 2019</h5>
<h1>Congrès annuel</h1>
<p>[/et_pb_text][/et_pb_column][/et_pb_row][/et_pb_section][et_pb_section fb_built= »1&Prime; admin_label= »Blog » _builder_version= »3.22&Prime; background_color= »#ffffff » max_width= »90% » max_width_tablet= » » max_width_phone= »100% » max_width_last_edited= »on|phone » custom_margin= »-160px||| » border_color_all= »#ffffff » border_width_left= »10vw »][et_pb_row _builder_version= »3.25&Prime;][et_pb_column type= »4_4&Prime; _builder_version= »3.25&Prime; custom_padding= »||| » custom_padding__hover= »||| »][et_pb_text admin_label= »Text » _builder_version= »3.27.4&Prime; background_size= »initial » background_position= »top_left » background_repeat= »repeat »]</p>
<p>Le congrès annuel et l&rsquo;AGA 2019 de l&rsquo;UMNB ont eu lieu du 4 au 6 octobre 2019 au Crowne Plaza de Fredericton, Nouveau-Brunswick.<a href="mailto:margot.cragg@umnb.ca"></a></p>
<p>[/et_pb_text][/et_pb_column][/et_pb_row][et_pb_row column_structure= »2_5,3_5&Prime; _builder_version= »3.25&Prime;][et_pb_column type= »2_5&Prime; _builder_version= »3.25&Prime; custom_padding= »||| » custom_padding__hover= »||| »][et_pb_text _builder_version= »3.27.4&Prime;]<a href="https://umnb.ca/wp-content/uploads/2019/09/AGM2019_AgendaFR_09-30.pdf"><strong>PROGRAMME (PDF)</strong></a></p>
<p><a href="https://umnb.ca/wp-content/uploads/2019/10/UMNB2019_-HandbookFR-sm.pdf"><strong>GUIDE (PDF)</strong></a></p>
<p><a href="https://umnb.ca/fr/nos-membres/prix-commemoratifs/"><strong>BÉNÉFICIAIRES DES PRIX COMMÉMORATIFS</strong></a></p>
<p><a href="https://umnb.ca/wp-content/uploads/2019/09/UMNB2019-Resolutions-Rapport-FR-1.pdf"><strong>RÉSOLUTIONS PRÉSENTÉES À L&rsquo;AGA (PDF)</strong></a>[/et_pb_text][/et_pb_column][et_pb_column type= »3_5&Prime; _builder_version= »3.25&Prime; custom_padding= »||| » custom_padding__hover= »||| »][et_pb_text _builder_version= »3.27.4&Prime;]<b>PRÉSENTATIONS 2019</b></p>
<p><b>vendredi</b></p>
<p><a href="https://umnb.ca/wp-content/uploads/2019/10/UMNB2019-MurrayJamer_AtelierAAMNB-Conseiletpersonnel_FR.pptx">Atelier de l&rsquo;AAMNB: Bâtir une relation de travail efficace entre le conseil et les cadres supérieurs, Murray Jamer</a></p>
<p><a href="https://umnb.ca/wp-content/uploads/2019/10/UMNB2019-HaleyFlaro-CapaciteNB-AuDelaDeLaRampeFR.pptx">Haley Flaro (Capacité NB) &#8211; Au delà des rampes</a></p>
<p><a href="https://umnb.ca/wp-content/uploads/2019/10/UMNB2019-SarahWagner-ANBIC-CommunautesinclusivesFR.pptx">Sarah Wagner (ANBIC) &#8211; Communautés inclusives</a></p>
<p><a href="https://umnb.ca/wp-content/uploads/2019/10/UMNB2019-JeffRenaud-CAMA-CAOEvaluationToolkitFR.pptx">Jeff Renaud &#8211; ACAM &#8211; Trousse d’évaluation du rendement des directeurs généraux</a></p>
<p><a href="https://umnb.ca/wp-content/uploads/2019/10/UMNB2019-HeatherMacLean-TaylorMadeSolutions_MediasSociauxFR.pptx">Heather MacLean (TaylorMade Solutions) &#8211; Les médias sociaux</a></p>
<p><strong>samedi</strong></p>
<p><a href="https://umnb.ca/wp-content/uploads/2019/10/UMNB2019-RichardSaillant-Vieillissement-démographique-péréquation-et-financement-municipal-FR.pdf">Richard Saillant &#8211; Les revenus municipaux et la crise démographique</a></p>
<p><a href="https://umnb.ca/wp-content/uploads/2019/10/UMNB2019-KimPoffenroth-ChoixlocalVoixlocaleFR.pptx">Kim Poffenroth (ÉlectionsNB) &#8211; Choix local, voix locale</a></p>
<p><a href="https://umnb.ca/wp-content/uploads/2019/10/UMNB2019-StephanieHoey-FCM-VersLaParityFR.pptx">Stephanie Hoey (FCM) &#8211; Vers la parité</a></p>
<p><strong>dimanche</strong></p>
<p><a href="https://umnb.ca/wp-content/uploads/2019/10/UMNB2019-JDI-ForetscommunatesFR.pdf">Robert Fawcett (JDI) &#8211; Des forêts saines, des communautés dynamiques</a>[/et_pb_text][/et_pb_column][/et_pb_row][et_pb_row _builder_version= »3.25&Prime;][et_pb_column type= »4_4&Prime; _builder_version= »3.25&Prime; custom_padding= »||| » custom_padding__hover= »||| »][et_pb_gallery gallery_ids= »2869,2871,2873,2875,2877,2879,2881,2883,2885,2887,2889,2891,2893,2895,2897,2899,2901,2903,2905,2907,2909,2911,2913,2915,2917&Prime; _builder_version= »3.19.15&Prime;][/et_pb_gallery][/et_pb_column][/et_pb_row][/et_pb_section]</p>

<p>4 &#8211; 6 octobre 2019 Congrès annuelLe congrès annuel et l&rsquo;AGA 2019 de l&rsquo;UMNB ont eu lieu du 4 au 6 octobre 2019 au Crowne Plaza de Fredericton, Nouveau-Brunswick.PROGRAMME (PDF) GUIDE (PDF) BÉNÉFICIAIRES DES PRIX COMMÉMORATIFS RÉSOLUTIONS PRÉSENTÉES À L&rsquo;AGA (PDF)PRÉSENTATIONS 2019 vendredi Atelier de l&rsquo;AAMNB: Bâtir une relation de travail efficace entre le conseil [&hellip;]</p>
