{"id":12552,"date":"2025-01-16T19:39:04","date_gmt":"2025-01-16T19:39:04","guid":{"rendered":"https:\/\/umnb.ca\/journees-de-representation-des-interets-2025\/"},"modified":"2025-04-03T19:42:31","modified_gmt":"2025-04-03T19:42:31","slug":"journees-de-representation-des-interets-2025","status":"publish","type":"page","link":"https:\/\/umnb.ca\/fr\/journees-de-representation-des-interets-2025\/","title":{"rendered":"journees de representation des interets 2025"},"content":{"rendered":"<p>[et_pb_section fb_built=\u00a0\u00bb1&Prime; fullwidth=\u00a0\u00bbon\u00a0\u00bb _builder_version=\u00a0\u00bb4.20.2&Prime; _module_preset=\u00a0\u00bbdefault\u00a0\u00bb global_colors_info=\u00a0\u00bb{}\u00a0\u00bb][et_pb_fullwidth_image src=\u00a0\u00bbhttps:\/\/umnb.ca\/wp-content\/uploads\/2025\/01\/UMNB2025-Advocacy-Days-HEADER-4.png\u00a0\u00bb title_text=\u00a0\u00bbUMNB2025 &#8211; Advocacy Days HEADER (4)\u00a0\u00bb _builder_version=\u00a0\u00bb4.20.2&Prime; _module_preset=\u00a0\u00bbdefault\u00a0\u00bb global_colors_info=\u00a0\u00bb{}\u00a0\u00bb][\/et_pb_fullwidth_image][\/et_pb_section][et_pb_section fb_built=\u00a0\u00bb1&Prime; _builder_version=\u00a0\u00bb4.17.4&Prime; _module_preset=\u00a0\u00bbdefault\u00a0\u00bb custom_padding=\u00a0\u00bb|||2px||\u00a0\u00bb global_colors_info=\u00a0\u00bb{}\u00a0\u00bb][et_pb_row _builder_version=\u00a0\u00bb4.20.2&Prime; _module_preset=\u00a0\u00bbdefault\u00a0\u00bb min_height=\u00a0\u00bb197.8px\u00a0\u00bb global_colors_info=\u00a0\u00bb{}\u00a0\u00bb][et_pb_column type=\u00a0\u00bb4_4&Prime; _builder_version=\u00a0\u00bb4.20.2&Prime; _module_preset=\u00a0\u00bbdefault\u00a0\u00bb global_colors_info=\u00a0\u00bb{}\u00a0\u00bb][et_pb_text _builder_version=\u00a0\u00bb4.20.2&Prime; _module_preset=\u00a0\u00bbdefault\u00a0\u00bb custom_padding=\u00a0\u00bb||0px|||\u00a0\u00bb global_colors_info=\u00a0\u00bb{}\u00a0\u00bb]<\/p>\n<p><span style=\"font-size: xx-large;\"><b>Merci d&rsquo;avoir particip\u00e9 aux Journ\u00e9es de repr\u00e9sentation des int\u00e9r\u00eats de l&rsquo;UMNB 2025 !<\/b><\/span><\/p>\n<p><span style=\"font-size: x-large;\">Nous appr\u00e9cions sinc\u00e8rement votre participation \u00e0 Fredericton pour deux jours de sessions int\u00e9ressantes, de pr\u00e9cieuses opportunit\u00e9s de r\u00e9seautage et de discussions constructives. Votre pr\u00e9sence a fait de cet \u00e9v\u00e9nement un succ\u00e8s, et nous vous sommes reconnaissants de votre contribution !<\/span><\/p>\n<p><span style=\"font-size: x-large;\">Afin de nous aider \u00e0 continuer \u00e0 am\u00e9liorer nos conf\u00e9rences, nous vous demandons de prendre quelques minutes pour remplir ce formulaire d&rsquo;\u00e9valuation des conf\u00e9rences : <a href=\"https:\/\/forms.gle\/LAocCoREeLYWYFdS6\"><b>ICI.<\/b><\/a><\/span><\/p>\n<p><span style=\"font-size: small;\">Ceux qui rempliront le formulaire avant le 4 avril participeront \u00e0 un tirage au sort pour gagner une carte cadeau Tim Hortons de 25,00 $ !<\/span><\/p>\n<p>[\/et_pb_text][\/et_pb_column][\/et_pb_row][et_pb_row _builder_version=\u00a0\u00bb4.20.2&Prime; _module_preset=\u00a0\u00bbdefault\u00a0\u00bb global_colors_info=\u00a0\u00bb{}\u00a0\u00bb][et_pb_column type=\u00a0\u00bb4_4&Prime; _builder_version=\u00a0\u00bb4.20.2&Prime; _module_preset=\u00a0\u00bbdefault\u00a0\u00bb global_colors_info=\u00a0\u00bb{}\u00a0\u00bb][et_pb_gallery gallery_ids=\u00a0\u00bb12903,12901,12899,12897,12895,12871,12873,12875,12878,12879,12881,12883,12886,12887,12889,12891,12893,12869,12867,12865,12863,12861,12859,12857,12855&Prime; show_title_and_caption=\u00a0\u00bboff\u00a0\u00bb _builder_version=\u00a0\u00bb4.20.2&Prime; _module_preset=\u00a0\u00bbdefault\u00a0\u00bb global_colors_info=\u00a0\u00bb{}\u00a0\u00bb][\/et_pb_gallery][\/et_pb_column][\/et_pb_row][et_pb_row _builder_version=\u00a0\u00bb4.20.2&Prime; _module_preset=\u00a0\u00bbdefault\u00a0\u00bb global_colors_info=\u00a0\u00bb{}\u00a0\u00bb][et_pb_column type=\u00a0\u00bb4_4&Prime; _builder_version=\u00a0\u00bb4.20.2&Prime; _module_preset=\u00a0\u00bbdefault\u00a0\u00bb global_colors_info=\u00a0\u00bb{}\u00a0\u00bb][et_pb_divider _builder_version=\u00a0\u00bb4.20.2&Prime; _module_preset=\u00a0\u00bbdefault\u00a0\u00bb custom_padding=\u00a0\u00bb0px|||||\u00a0\u00bb global_colors_info=\u00a0\u00bb{}\u00a0\u00bb][\/et_pb_divider][et_pb_text _builder_version=\u00a0\u00bb4.20.2&Prime; _module_preset=\u00a0\u00bbdefault\u00a0\u00bb min_height=\u00a0\u00bb0.8px\u00a0\u00bb global_colors_info=\u00a0\u00bb{}\u00a0\u00bb]<\/p>\n<h1><span style=\"font-size: xx-large; color: #445d5c;\"><b><strong>PR\u00c9SENTATIONS<\/strong><\/b><\/span><\/h1>\n<p><span style=\"font-size: large;\"><b>\u2013 <\/b><a href=\"https:\/\/umnb.ca\/wp-content\/uploads\/2025\/04\/03-26-2025-12h45-COMPLETE-Best-Practices-for-Recruiting-and-Hiring-Municipal-Staff-FRENCH-March-26-2025-1.pptx\">S\u00e9ance <b>partenaire : Meilleures pratiques pour le recrutement et l&#8217;embauche du personnel <\/b>municipal<\/a> <b>par MC Advisory et McInnes Cooper par <\/b><a href=\"https:\/\/www.mcinnescooper.com\/people\/chris-pelkey\/\"><b><i>Chris Pelkey, associ\u00e9, McInnes Cooper et <\/i><\/b><\/a><a href=\"https:\/\/www.mcadvisory.com\/our-people\/tanya-tynski\/\"><b><i>Tanya Tynski, responsable des ressources humaines et de la culture et conseill\u00e8re principale, MCA<\/i><\/b><\/a><\/span><\/p>\n<p><span style=\"font-size: large;\">\u2013 <a href=\"https:\/\/umnb.ca\/wp-content\/uploads\/2025\/04\/03-27-2025-8h00-UMNB-Harassment-Presentation-1.pptx.pdf\"><b>Session partenaire : Rendre la citoyennet\u00e9 civique \u00e0 nouveau<\/b><\/a><b> par Strategic Steps Inc. par <\/b><a href=\"https:\/\/www.strategicsteps.ca\/copy-of-our-team\"><b><i>Craig Pollett, vice-pr\u00e9sident, Atlantique<\/i><\/b><\/a><\/span><\/p>\n<p><span style=\"font-size: large;\">\u2013 <a href=\"https:\/\/umnb.ca\/wp-content\/uploads\/2025\/03\/2025-FCM-Presentation-UMNB-FR.pdf\"><b>Plaidoyer au niveau national : Priorit\u00e9s f\u00e9d\u00e9rales et engagement<\/b> municipal<\/a><b> par <i>Mathieu B\u00e9langer, directeur g\u00e9n\u00e9ral, Politiques et affaires publiques, FCM<\/i><\/b><\/span><\/p>\n<p><span style=\"color: #445d5c;\"><strong><\/strong><\/span><\/p>\n<p>[\/et_pb_text][et_pb_divider _builder_version=\u00a0\u00bb4.20.2&Prime; _module_preset=\u00a0\u00bbdefault\u00a0\u00bb custom_padding=\u00a0\u00bb0px|||||\u00a0\u00bb global_colors_info=\u00a0\u00bb{}\u00a0\u00bb][\/et_pb_divider][\/et_pb_column][\/et_pb_row][et_pb_row _builder_version=\u00a0\u00bb4.20.2&Prime; _module_preset=\u00a0\u00bbdefault\u00a0\u00bb min_height=\u00a0\u00bb32.2px\u00a0\u00bb global_colors_info=\u00a0\u00bb{}\u00a0\u00bb][et_pb_column type=\u00a0\u00bb4_4&Prime; _builder_version=\u00a0\u00bb4.20.2&Prime; _module_preset=\u00a0\u00bbdefault\u00a0\u00bb global_colors_info=\u00a0\u00bb{}\u00a0\u00bb][et_pb_text _builder_version=\u00a0\u00bb4.20.2&Prime; _module_preset=\u00a0\u00bbdefault\u00a0\u00bb min_height=\u00a0\u00bb32.3px\u00a0\u00bb global_colors_info=\u00a0\u00bb{}\u00a0\u00bb]<\/p>\n<h1><span style=\"color: #445d5c;\"><strong>COMMANDITAIRES<\/strong><\/span><\/h1>\n<p><span style=\"color: #445d5c;\"><strong><\/strong><\/span><\/p>\n<p>[\/et_pb_text][\/et_pb_column][\/et_pb_row][et_pb_row column_structure=\u00a0\u00bb1_3,1_3,1_3&Prime; _builder_version=\u00a0\u00bb4.20.2&Prime; _module_preset=\u00a0\u00bbdefault\u00a0\u00bb global_colors_info=\u00a0\u00bb{}\u00a0\u00bb][et_pb_column type=\u00a0\u00bb1_3&Prime; _builder_version=\u00a0\u00bb4.20.2&Prime; _module_preset=\u00a0\u00bbdefault\u00a0\u00bb global_colors_info=\u00a0\u00bb{}\u00a0\u00bb][et_pb_image src=\u00a0\u00bbhttps:\/\/umnb.ca\/wp-content\/uploads\/2024\/03\/New-McInnes-Cooper-Thick-Logo-CMYK.jpg\u00a0\u00bb _builder_version=\u00a0\u00bb4.20.2&Prime; _module_preset=\u00a0\u00bbdefault\u00a0\u00bb global_colors_info=\u00a0\u00bb{}\u00a0\u00bb][\/et_pb_image][\/et_pb_column][et_pb_column type=\u00a0\u00bb1_3&Prime; _builder_version=\u00a0\u00bb4.20.2&Prime; _module_preset=\u00a0\u00bbdefault\u00a0\u00bb global_colors_info=\u00a0\u00bb{}\u00a0\u00bb][et_pb_image src=\u00a0\u00bbhttps:\/\/umnb.ca\/wp-content\/uploads\/2024\/03\/MIC202-16-Logo-MC-Advisory-CMYK-LARGE.jpg\u00a0\u00bb align=\u00a0\u00bbcenter\u00a0\u00bb _builder_version=\u00a0\u00bb4.20.2&Prime; _module_preset=\u00a0\u00bbdefault\u00a0\u00bb custom_padding=\u00a0\u00bb30px||30px||true|\u00a0\u00bb global_colors_info=\u00a0\u00bb{}\u00a0\u00bb][\/et_pb_image][\/et_pb_column][et_pb_column type=\u00a0\u00bb1_3&Prime; _builder_version=\u00a0\u00bb4.20.2&Prime; _module_preset=\u00a0\u00bbdefault\u00a0\u00bb global_colors_info=\u00a0\u00bb{}\u00a0\u00bb][et_pb_image src=\u00a0\u00bbhttps:\/\/umnb.ca\/wp-content\/uploads\/2025\/03\/StrategicSteps_Logo_CMYK_UpdatedFeb2024_Horizontal-1.png\u00a0\u00bb title_text=\u00a0\u00bbStrategicSteps_Logo_CMYK_UpdatedFeb2024_Horizontal (1)\u00a0\u00bb _builder_version=\u00a0\u00bb4.20.2&Prime; _module_preset=\u00a0\u00bbdefault\u00a0\u00bb global_colors_info=\u00a0\u00bb{}\u00a0\u00bb][\/et_pb_image][\/et_pb_column][\/et_pb_row][\/et_pb_section]<\/p>\n","protected":false},"excerpt":{"rendered":"<p>Merci d&rsquo;avoir particip\u00e9 aux Journ\u00e9es de repr\u00e9sentation des int\u00e9r\u00eats de l&rsquo;UMNB 2025 ! Nous appr\u00e9cions sinc\u00e8rement votre participation \u00e0 Fredericton pour deux jours de sessions int\u00e9ressantes, de pr\u00e9cieuses opportunit\u00e9s de r\u00e9seautage et de discussions constructives. Votre pr\u00e9sence a fait de cet \u00e9v\u00e9nement un succ\u00e8s, et nous vous sommes reconnaissants de votre contribution ! Afin de [&hellip;]<\/p>\n","protected":false},"author":2,"featured_media":0,"parent":0,"menu_order":0,"comment_status":"closed","ping_status":"closed","template":"","meta":{"_et_pb_use_builder":"on","_et_pb_old_content":"","_et_gb_content_width":"","footnotes":""},"class_list":["post-12552","page","type-page","status-publish","hentry"],"_links":{"self":[{"href":"https:\/\/umnb.ca\/fr\/wp-json\/wp\/v2\/pages\/12552\/"}],"collection":[{"href":"https:\/\/umnb.ca\/fr\/wp-json\/wp\/v2\/pages\/"}],"about":[{"href":"https:\/\/umnb.ca\/fr\/wp-json\/wp\/v2\/types\/page\/"}],"author":[{"embeddable":true,"href":"https:\/\/umnb.ca\/fr\/wp-json\/wp\/v2\/users\/2\/"}],"replies":[{"embeddable":true,"href":"https:\/\/umnb.ca\/fr\/wp-json\/wp\/v2\/comments\/?post=12552"}],"version-history":[{"count":18,"href":"https:\/\/umnb.ca\/fr\/wp-json\/wp\/v2\/pages\/12552\/revisions\/"}],"predecessor-version":[{"id":12937,"href":"https:\/\/umnb.ca\/fr\/wp-json\/wp\/v2\/pages\/12552\/revisions\/12937\/"}],"wp:attachment":[{"href":"https:\/\/umnb.ca\/fr\/wp-json\/wp\/v2\/media\/?parent=12552"}],"curies":[{"name":"wp","href":"https:\/\/api.w.org\/{rel}","templated":true}]}}

<p>[et_pb_section fb_built= »1&Prime; fullwidth= »on » _builder_version= »4.20.2&Prime; _module_preset= »default » global_colors_info= »{} »][et_pb_fullwidth_image src= »https://umnb.ca/wp-content/uploads/2025/01/UMNB2025-Advocacy-Days-HEADER-4.png » title_text= »UMNB2025 &#8211; Advocacy Days HEADER (4) » _builder_version= »4.20.2&Prime; _module_preset= »default » global_colors_info= »{} »][/et_pb_fullwidth_image][/et_pb_section][et_pb_section fb_built= »1&Prime; _builder_version= »4.17.4&Prime; _module_preset= »default » custom_padding= »|||2px|| » global_colors_info= »{} »][et_pb_row _builder_version= »4.20.2&Prime; _module_preset= »default » min_height= »197.8px » global_colors_info= »{} »][et_pb_column type= »4_4&Prime; _builder_version= »4.20.2&Prime; _module_preset= »default » global_colors_info= »{} »][et_pb_text _builder_version= »4.20.2&Prime; _module_preset= »default » custom_padding= »||0px||| » global_colors_info= »{} »]</p>
<p><span style="font-size: xx-large;"><b>Merci d&rsquo;avoir participé aux Journées de représentation des intérêts de l&rsquo;UMNB 2025 !</b></span></p>
<p><span style="font-size: x-large;">Nous apprécions sincèrement votre participation à Fredericton pour deux jours de sessions intéressantes, de précieuses opportunités de réseautage et de discussions constructives. Votre présence a fait de cet événement un succès, et nous vous sommes reconnaissants de votre contribution !</span></p>
<p><span style="font-size: x-large;">Afin de nous aider à continuer à améliorer nos conférences, nous vous demandons de prendre quelques minutes pour remplir ce formulaire d&rsquo;évaluation des conférences : <a href="https://forms.gle/LAocCoREeLYWYFdS6"><b>ICI.</b></a></span></p>
<p><span style="font-size: small;">Ceux qui rempliront le formulaire avant le 4 avril participeront à un tirage au sort pour gagner une carte cadeau Tim Hortons de 25,00 $ !</span></p>
<p>[/et_pb_text][/et_pb_column][/et_pb_row][et_pb_row _builder_version= »4.20.2&Prime; _module_preset= »default » global_colors_info= »{} »][et_pb_column type= »4_4&Prime; _builder_version= »4.20.2&Prime; _module_preset= »default » global_colors_info= »{} »][et_pb_gallery gallery_ids= »12903,12901,12899,12897,12895,12871,12873,12875,12878,12879,12881,12883,12886,12887,12889,12891,12893,12869,12867,12865,12863,12861,12859,12857,12855&Prime; show_title_and_caption= »off » _builder_version= »4.20.2&Prime; _module_preset= »default » global_colors_info= »{} »][/et_pb_gallery][/et_pb_column][/et_pb_row][et_pb_row _builder_version= »4.20.2&Prime; _module_preset= »default » global_colors_info= »{} »][et_pb_column type= »4_4&Prime; _builder_version= »4.20.2&Prime; _module_preset= »default » global_colors_info= »{} »][et_pb_divider _builder_version= »4.20.2&Prime; _module_preset= »default » custom_padding= »0px||||| » global_colors_info= »{} »][/et_pb_divider][et_pb_text _builder_version= »4.20.2&Prime; _module_preset= »default » min_height= »0.8px » global_colors_info= »{} »]</p>
<h1><span style="font-size: xx-large; color: #445d5c;"><b><strong>PRÉSENTATIONS</strong></b></span></h1>
<p><span style="font-size: large;"><b>– </b><a href="https://umnb.ca/wp-content/uploads/2025/04/03-26-2025-12h45-COMPLETE-Best-Practices-for-Recruiting-and-Hiring-Municipal-Staff-FRENCH-March-26-2025-1.pptx">Séance <b>partenaire : Meilleures pratiques pour le recrutement et l&#8217;embauche du personnel </b>municipal</a> <b>par MC Advisory et McInnes Cooper par </b><a href="https://www.mcinnescooper.com/people/chris-pelkey/"><b><i>Chris Pelkey, associé, McInnes Cooper et </i></b></a><a href="https://www.mcadvisory.com/our-people/tanya-tynski/"><b><i>Tanya Tynski, responsable des ressources humaines et de la culture et conseillère principale, MCA</i></b></a></span></p>
<p><span style="font-size: large;">– <a href="https://umnb.ca/wp-content/uploads/2025/04/03-27-2025-8h00-UMNB-Harassment-Presentation-1.pptx.pdf"><b>Session partenaire : Rendre la citoyenneté civique à nouveau</b></a><b> par Strategic Steps Inc. par </b><a href="https://www.strategicsteps.ca/copy-of-our-team"><b><i>Craig Pollett, vice-président, Atlantique</i></b></a></span></p>
<p><span style="font-size: large;">– <a href="https://umnb.ca/wp-content/uploads/2025/03/2025-FCM-Presentation-UMNB-FR.pdf"><b>Plaidoyer au niveau national : Priorités fédérales et engagement</b> municipal</a><b> par <i>Mathieu Bélanger, directeur général, Politiques et affaires publiques, FCM</i></b></span></p>
<p><span style="color: #445d5c;"><strong></strong></span></p>
<p>[/et_pb_text][et_pb_divider _builder_version= »4.20.2&Prime; _module_preset= »default » custom_padding= »0px||||| » global_colors_info= »{} »][/et_pb_divider][/et_pb_column][/et_pb_row][et_pb_row _builder_version= »4.20.2&Prime; _module_preset= »default » min_height= »32.2px » global_colors_info= »{} »][et_pb_column type= »4_4&Prime; _builder_version= »4.20.2&Prime; _module_preset= »default » global_colors_info= »{} »][et_pb_text _builder_version= »4.20.2&Prime; _module_preset= »default » min_height= »32.3px » global_colors_info= »{} »]</p>
<h1><span style="color: #445d5c;"><strong>COMMANDITAIRES</strong></span></h1>
<p><span style="color: #445d5c;"><strong></strong></span></p>
<p>[/et_pb_text][/et_pb_column][/et_pb_row][et_pb_row column_structure= »1_3,1_3,1_3&Prime; _builder_version= »4.20.2&Prime; _module_preset= »default » global_colors_info= »{} »][et_pb_column type= »1_3&Prime; _builder_version= »4.20.2&Prime; _module_preset= »default » global_colors_info= »{} »][et_pb_image src= »https://umnb.ca/wp-content/uploads/2024/03/New-McInnes-Cooper-Thick-Logo-CMYK.jpg » _builder_version= »4.20.2&Prime; _module_preset= »default » global_colors_info= »{} »][/et_pb_image][/et_pb_column][et_pb_column type= »1_3&Prime; _builder_version= »4.20.2&Prime; _module_preset= »default » global_colors_info= »{} »][et_pb_image src= »https://umnb.ca/wp-content/uploads/2024/03/MIC202-16-Logo-MC-Advisory-CMYK-LARGE.jpg » align= »center » _builder_version= »4.20.2&Prime; _module_preset= »default » custom_padding= »30px||30px||true| » global_colors_info= »{} »][/et_pb_image][/et_pb_column][et_pb_column type= »1_3&Prime; _builder_version= »4.20.2&Prime; _module_preset= »default » global_colors_info= »{} »][et_pb_image src= »https://umnb.ca/wp-content/uploads/2025/03/StrategicSteps_Logo_CMYK_UpdatedFeb2024_Horizontal-1.png » title_text= »StrategicSteps_Logo_CMYK_UpdatedFeb2024_Horizontal (1) » _builder_version= »4.20.2&Prime; _module_preset= »default » global_colors_info= »{} »][/et_pb_image][/et_pb_column][/et_pb_row][/et_pb_section]</p>

<p>Merci d&rsquo;avoir participé aux Journées de représentation des intérêts de l&rsquo;UMNB 2025 ! Nous apprécions sincèrement votre participation à Fredericton pour deux jours de sessions intéressantes, de précieuses opportunités de réseautage et de discussions constructives. Votre présence a fait de cet événement un succès, et nous vous sommes reconnaissants de votre contribution ! Afin de [&hellip;]</p>
