{"id":10547,"date":"2024-02-05T19:36:04","date_gmt":"2024-02-05T19:36:04","guid":{"rendered":"https:\/\/umnb.ca\/?page_id=10547"},"modified":"2024-03-26T17:52:03","modified_gmt":"2024-03-26T17:52:03","slug":"journees-de-representation-des-interets-2024","status":"publish","type":"page","link":"https:\/\/umnb.ca\/fr\/journees-de-representation-des-interets-2024\/","title":{"rendered":"Journ\u00e9es de repr\u00e9sentation des int\u00e9r\u00eats 2024"},"content":{"rendered":"<p>[et_pb_section fb_built=\u00a0\u00bb1&Prime; _builder_version=\u00a0\u00bb4.17.4&Prime; _module_preset=\u00a0\u00bbdefault\u00a0\u00bb custom_padding=\u00a0\u00bb|||0px||\u00a0\u00bb global_colors_info=\u00a0\u00bb{}\u00a0\u00bb][et_pb_row _builder_version=\u00a0\u00bb4.20.2&Prime; _module_preset=\u00a0\u00bbdefault\u00a0\u00bb global_colors_info=\u00a0\u00bb{}\u00a0\u00bb][et_pb_column type=\u00a0\u00bb4_4&Prime; _builder_version=\u00a0\u00bb4.20.2&Prime; _module_preset=\u00a0\u00bbdefault\u00a0\u00bb global_colors_info=\u00a0\u00bb{}\u00a0\u00bb][et_pb_image src=\u00a0\u00bbhttps:\/\/umnb.ca\/wp-content\/uploads\/2024\/01\/UMNB2024-Advocacy-Days-HEADER-FR-1.png\u00a0\u00bb _builder_version=\u00a0\u00bb4.20.2&Prime; _module_preset=\u00a0\u00bbdefault\u00a0\u00bb global_colors_info=\u00a0\u00bb{}\u00a0\u00bb][\/et_pb_image][et_pb_text _builder_version=\u00a0\u00bb4.20.2&Prime; _module_preset=\u00a0\u00bbdefault\u00a0\u00bb custom_padding=\u00a0\u00bb1px|||||\u00a0\u00bb global_colors_info=\u00a0\u00bb{}\u00a0\u00bb]<\/p>\n<h2><span style=\"color: #993300; font-size: xx-large;\"><strong>Grandir ensemble : Des communaut\u00e9s fortes pour une province forte<\/strong><\/span><\/h2>\n<p><span style=\"font-size: x-large; color: #000000;\">Nous remercions chaleureusement chacun d&rsquo;entre vous de s&rsquo;\u00eatre joint \u00e0 nous au Crowne Plaza Fredericton pour notre \u00e9v\u00e9nement inaugural d&rsquo;une journ\u00e9e et demie, les 20 et 21 mars 2024. Votre pr\u00e9sence et votre participation active ont fait des Journ\u00e9es de la repr\u00e9sentation des int\u00e9r\u00eats 2024 un succ\u00e8s retentissant.<\/span><\/p>\n<p><span style=\"font-size: x-large; color: #000000;\">L&rsquo;\u00e9v\u00e9nement a servi de plateforme remarquable pour les membres de l&rsquo;UMNB qui ont pu s&rsquo;engager directement avec les d\u00e9put\u00e9s, les ministres et les chefs de parti, favorisant ainsi les efforts de collaboration pour faire avancer nos priorit\u00e9s cl\u00e9s. Sous le th\u00e8me \u00ab\u00a0Grandir ensemble : Des communaut\u00e9s fortes pour une province forte\u00a0\u00bb, nous avons r\u00e9affirm\u00e9 notre engagement \u00e0 \u00eatre des partenaires proactifs dans la construction d&rsquo;une province prosp\u00e8re.<\/span><\/p>\n<p><span style=\"font-size: x-large; color: #000000;\">Nous appr\u00e9cions grandement votre contribution aux discussions et votre engagement \u00e0 fa\u00e7onner l&rsquo;avenir de la gouvernance locale, en particulier \u00e0 l&rsquo;approche des \u00e9lections de 2024.<\/span><\/p>\n<p style=\"text-align: justify;\">\n<p>[\/et_pb_text][\/et_pb_column][\/et_pb_row][et_pb_row _builder_version=\u00a0\u00bb4.20.2&Prime; _module_preset=\u00a0\u00bbdefault\u00a0\u00bb global_colors_info=\u00a0\u00bb{}\u00a0\u00bb][et_pb_column type=\u00a0\u00bb4_4&Prime; _builder_version=\u00a0\u00bb4.20.2&Prime; _module_preset=\u00a0\u00bbdefault\u00a0\u00bb global_colors_info=\u00a0\u00bb{}\u00a0\u00bb][et_pb_gallery gallery_ids=\u00a0\u00bb10751,10753,10755,10757,10759,10761,10763,10765,10771,10775&Prime; show_title_and_caption=\u00a0\u00bboff\u00a0\u00bb _builder_version=\u00a0\u00bb4.20.2&Prime; _module_preset=\u00a0\u00bbdefault\u00a0\u00bb global_colors_info=\u00a0\u00bb{}\u00a0\u00bb][\/et_pb_gallery][\/et_pb_column][\/et_pb_row][et_pb_row column_structure=\u00a0\u00bb1_4,3_4&Prime; _builder_version=\u00a0\u00bb4.20.2&Prime; _module_preset=\u00a0\u00bbdefault\u00a0\u00bb global_colors_info=\u00a0\u00bb{}\u00a0\u00bb][et_pb_column type=\u00a0\u00bb1_4&Prime; _builder_version=\u00a0\u00bb4.20.2&Prime; _module_preset=\u00a0\u00bbdefault\u00a0\u00bb global_colors_info=\u00a0\u00bb{}\u00a0\u00bb][et_pb_text _builder_version=\u00a0\u00bb4.20.2&Prime; _module_preset=\u00a0\u00bbdefault\u00a0\u00bb global_colors_info=\u00a0\u00bb{}\u00a0\u00bb]<\/p>\n<h1><strong><span style=\"color: #993300;\">PR\u00c9SENTATIONS\u00a0<br \/><\/span><\/strong><\/h1>\n<p>[\/et_pb_text][\/et_pb_column][et_pb_column type=\u00a0\u00bb3_4&Prime; _builder_version=\u00a0\u00bb4.20.2&Prime; _module_preset=\u00a0\u00bbdefault\u00a0\u00bb global_colors_info=\u00a0\u00bb{}\u00a0\u00bb][et_pb_text _builder_version=\u00a0\u00bb4.20.2&Prime; _module_preset=\u00a0\u00bbdefault\u00a0\u00bb custom_padding=\u00a0\u00bb1px||0px|||\u00a0\u00bb global_colors_info=\u00a0\u00bb{}\u00a0\u00bb]<\/p>\n<p><span style=\"font-size: large; color: #000000;\">Briefing politique &#8211; Craig Brett : <strong><a href=\"https:\/\/umnb.ca\/wp-content\/uploads\/2024\/03\/Bilingual_CraigBrett_MunicipalTrends2000To2022_final.pptx.pdf\">ICI<\/a><\/strong><\/span><\/p>\n<p><span style=\"font-size: large; color: #000000;\">Briefing politique &#8211; Porter O&rsquo;Brien :<a href=\"https:\/\/umnb.ca\/wp-content\/uploads\/2024\/03\/2024-03-20-1115-Porter-OBrien-Communication-Strategy-EN_FR-1.pdf\"><strong> ICI<\/strong><\/a><\/span><\/p>\n<p><span style=\"font-size: large; color: #000000;\">Atelier &#8211; Lieu de travail respectueux de l&rsquo;environnement avec MC Advisory et McInnes Cooper : <a href=\"https:\/\/umnb.ca\/wp-content\/uploads\/2024\/03\/2024-03-20-MC-FINAL-Respectful-Workplace-UMNB-FR.pptx.pdf\"><strong>ICI\u00a0<\/strong><\/a><\/span><\/p>\n<p><span style=\"font-size: large; color: #000000;\">Atelier &#8211; Document distribu\u00e9 par MC Advisory et McInnes Cooper :<strong><a href=\"https:\/\/umnb.ca\/wp-content\/uploads\/2024\/03\/MC-MCA-Solutions-Union-of-NB-Municipalities-2024-Digital-French-Version.pdf\"> ICI<\/a><\/strong><\/span><\/p>\n<p><span style=\"font-size: large; color: #000000;\">Atelier &#8211; Canoe Insurane : <strong><a href=\"https:\/\/umnb.ca\/wp-content\/uploads\/2024\/03\/2024-03-21-800-CANOE-NB-Presentation_French.pptx.pdf\">ICI<\/a><\/strong><\/span><\/p>\n<p><span style=\"font-size: large; color: #000000;\">Succ\u00e8s fiscaux &#8211; SUMA : <strong><a href=\"https:\/\/umnb.ca\/wp-content\/uploads\/2024\/03\/2024-03-21-845-AM-MRS-presentation-SUMA-FR.pptx.pdf\">ICI<\/a><\/strong><\/span><\/p>\n<p><span style=\"font-size: large; color: #000000;\">R\u00e9ussites fiscales &#8211; SUMA Handout : <strong><a href=\"https:\/\/umnb.ca\/wp-content\/uploads\/2024\/03\/2024-03-01-SUM-MRS-Declaration-of-Eligibility-Requirements-FR.pdf\">ICI<\/a><\/strong><\/span><\/p>\n<p><span style=\"font-size: large; color: #000000;\">R\u00e9ussites fiscales &#8211; UMQ : <strong><a href=\"https:\/\/umnb.ca\/wp-content\/uploads\/2024\/03\/2024-03-21-Presentation-UMNB-Partenariat-Quebec-municipalites-FR.pdf\">ICI<\/a><\/strong><\/span><\/p>\n<p>[\/et_pb_text][\/et_pb_column][\/et_pb_row][et_pb_row _builder_version=\u00a0\u00bb4.20.2&Prime; _module_preset=\u00a0\u00bbdefault\u00a0\u00bb global_colors_info=\u00a0\u00bb{}\u00a0\u00bb][et_pb_column type=\u00a0\u00bb4_4&Prime; _builder_version=\u00a0\u00bb4.20.2&Prime; _module_preset=\u00a0\u00bbdefault\u00a0\u00bb global_colors_info=\u00a0\u00bb{}\u00a0\u00bb][et_pb_map address=\u00a0\u00bb659 Queen St, Fredericton, NB E3B 1C3, Canada\u00a0\u00bb address_lat=\u00a0\u00bb45.9606718&Prime; address_lng=\u00a0\u00bb-66.636786&Prime; _builder_version=\u00a0\u00bb4.20.2&Prime; _module_preset=\u00a0\u00bbdefault\u00a0\u00bb global_colors_info=\u00a0\u00bb{}\u00a0\u00bb][\/et_pb_map][\/et_pb_column][\/et_pb_row][et_pb_row column_structure=\u00a0\u00bb1_4,3_4&Prime; _builder_version=\u00a0\u00bb4.20.2&Prime; _module_preset=\u00a0\u00bbdefault\u00a0\u00bb global_colors_info=\u00a0\u00bb{}\u00a0\u00bb][et_pb_column type=\u00a0\u00bb1_4&Prime; _builder_version=\u00a0\u00bb4.20.2&Prime; _module_preset=\u00a0\u00bbdefault\u00a0\u00bb global_colors_info=\u00a0\u00bb{}\u00a0\u00bb][et_pb_text _builder_version=\u00a0\u00bb4.20.2&Prime; _module_preset=\u00a0\u00bbdefault\u00a0\u00bb width=\u00a0\u00bb100%\u00a0\u00bb global_colors_info=\u00a0\u00bb{}\u00a0\u00bb]<\/p>\n<h2><span style=\"font-size: x-large; color: #a31600;\"><strong>Merci \u00e0 nos commanditaires :<\/strong><\/span><\/h2>\n<p>[\/et_pb_text][\/et_pb_column][et_pb_column type=\u00a0\u00bb3_4&Prime; _builder_version=\u00a0\u00bb4.20.2&Prime; _module_preset=\u00a0\u00bbdefault\u00a0\u00bb global_colors_info=\u00a0\u00bb{}\u00a0\u00bb][\/et_pb_column][\/et_pb_row][et_pb_row column_structure=\u00a0\u00bb1_2,1_2&Prime; _builder_version=\u00a0\u00bb4.20.2&Prime; _module_preset=\u00a0\u00bbdefault\u00a0\u00bb global_colors_info=\u00a0\u00bb{}\u00a0\u00bb][et_pb_column type=\u00a0\u00bb1_2&Prime; _builder_version=\u00a0\u00bb4.20.2&Prime; _module_preset=\u00a0\u00bbdefault\u00a0\u00bb global_colors_info=\u00a0\u00bb{}\u00a0\u00bb][et_pb_image src=\u00a0\u00bbhttps:\/\/umnb.ca\/wp-content\/uploads\/2024\/02\/Canoe_colour_mainH-2.png\u00a0\u00bb _builder_version=\u00a0\u00bb4.20.2&Prime; _module_preset=\u00a0\u00bbdefault\u00a0\u00bb global_colors_info=\u00a0\u00bb{}\u00a0\u00bb][\/et_pb_image][\/et_pb_column][et_pb_column type=\u00a0\u00bb1_2&Prime; _builder_version=\u00a0\u00bb4.20.2&Prime; _module_preset=\u00a0\u00bbdefault\u00a0\u00bb global_colors_info=\u00a0\u00bb{}\u00a0\u00bb][et_pb_image src=\u00a0\u00bbhttps:\/\/umnb.ca\/wp-content\/uploads\/2024\/03\/MIC202-16-Logo-MC-Advisory-CMYK-LARGE-1.jpg\u00a0\u00bb _builder_version=\u00a0\u00bb4.20.2&Prime; _module_preset=\u00a0\u00bbdefault\u00a0\u00bb global_colors_info=\u00a0\u00bb{}\u00a0\u00bb][\/et_pb_image][et_pb_image src=\u00a0\u00bbhttps:\/\/umnb.ca\/wp-content\/uploads\/2024\/03\/New-McInnes-Cooper-Thick-Logo-CMYK-1.jpg\u00a0\u00bb _builder_version=\u00a0\u00bb4.20.2&Prime; _module_preset=\u00a0\u00bbdefault\u00a0\u00bb global_colors_info=\u00a0\u00bb{}\u00a0\u00bb][\/et_pb_image][\/et_pb_column][\/et_pb_row][\/et_pb_section]<\/p>\n","protected":false},"excerpt":{"rendered":"<p>Grandir ensemble : Des communaut\u00e9s fortes pour une province forte Nous remercions chaleureusement chacun d&rsquo;entre vous de s&rsquo;\u00eatre joint \u00e0 nous au Crowne Plaza Fredericton pour notre \u00e9v\u00e9nement inaugural d&rsquo;une journ\u00e9e et demie, les 20 et 21 mars 2024. Votre pr\u00e9sence et votre participation active ont fait des Journ\u00e9es de la repr\u00e9sentation des int\u00e9r\u00eats 2024 [&hellip;]<\/p>\n","protected":false},"author":2,"featured_media":0,"parent":0,"menu_order":0,"comment_status":"closed","ping_status":"closed","template":"","meta":{"_et_pb_use_builder":"on","_et_pb_old_content":"","_et_gb_content_width":"","footnotes":""},"class_list":["post-10547","page","type-page","status-publish","hentry"],"_links":{"self":[{"href":"https:\/\/umnb.ca\/fr\/wp-json\/wp\/v2\/pages\/10547\/"}],"collection":[{"href":"https:\/\/umnb.ca\/fr\/wp-json\/wp\/v2\/pages\/"}],"about":[{"href":"https:\/\/umnb.ca\/fr\/wp-json\/wp\/v2\/types\/page\/"}],"author":[{"embeddable":true,"href":"https:\/\/umnb.ca\/fr\/wp-json\/wp\/v2\/users\/2\/"}],"replies":[{"embeddable":true,"href":"https:\/\/umnb.ca\/fr\/wp-json\/wp\/v2\/comments\/?post=10547"}],"version-history":[{"count":14,"href":"https:\/\/umnb.ca\/fr\/wp-json\/wp\/v2\/pages\/10547\/revisions\/"}],"predecessor-version":[{"id":10811,"href":"https:\/\/umnb.ca\/fr\/wp-json\/wp\/v2\/pages\/10547\/revisions\/10811\/"}],"wp:attachment":[{"href":"https:\/\/umnb.ca\/fr\/wp-json\/wp\/v2\/media\/?parent=10547"}],"curies":[{"name":"wp","href":"https:\/\/api.w.org\/{rel}","templated":true}]}}

Journées de représentation des intérêts 2024

<p>[et_pb_section fb_built= »1&Prime; _builder_version= »4.17.4&Prime; _module_preset= »default » custom_padding= »|||0px|| » global_colors_info= »{} »][et_pb_row _builder_version= »4.20.2&Prime; _module_preset= »default » global_colors_info= »{} »][et_pb_column type= »4_4&Prime; _builder_version= »4.20.2&Prime; _module_preset= »default » global_colors_info= »{} »][et_pb_image src= »https://umnb.ca/wp-content/uploads/2024/01/UMNB2024-Advocacy-Days-HEADER-FR-1.png » _builder_version= »4.20.2&Prime; _module_preset= »default » global_colors_info= »{} »][/et_pb_image][et_pb_text _builder_version= »4.20.2&Prime; _module_preset= »default » custom_padding= »1px||||| » global_colors_info= »{} »]</p>
<h2><span style="color: #993300; font-size: xx-large;"><strong>Grandir ensemble : Des communautés fortes pour une province forte</strong></span></h2>
<p><span style="font-size: x-large; color: #000000;">Nous remercions chaleureusement chacun d&rsquo;entre vous de s&rsquo;être joint à nous au Crowne Plaza Fredericton pour notre événement inaugural d&rsquo;une journée et demie, les 20 et 21 mars 2024. Votre présence et votre participation active ont fait des Journées de la représentation des intérêts 2024 un succès retentissant.</span></p>
<p><span style="font-size: x-large; color: #000000;">L&rsquo;événement a servi de plateforme remarquable pour les membres de l&rsquo;UMNB qui ont pu s&rsquo;engager directement avec les députés, les ministres et les chefs de parti, favorisant ainsi les efforts de collaboration pour faire avancer nos priorités clés. Sous le thème « Grandir ensemble : Des communautés fortes pour une province forte », nous avons réaffirmé notre engagement à être des partenaires proactifs dans la construction d&rsquo;une province prospère.</span></p>
<p><span style="font-size: x-large; color: #000000;">Nous apprécions grandement votre contribution aux discussions et votre engagement à façonner l&rsquo;avenir de la gouvernance locale, en particulier à l&rsquo;approche des élections de 2024.</span></p>
<p style="text-align: justify;">
<p>[/et_pb_text][/et_pb_column][/et_pb_row][et_pb_row _builder_version= »4.20.2&Prime; _module_preset= »default » global_colors_info= »{} »][et_pb_column type= »4_4&Prime; _builder_version= »4.20.2&Prime; _module_preset= »default » global_colors_info= »{} »][et_pb_gallery gallery_ids= »10751,10753,10755,10757,10759,10761,10763,10765,10771,10775&Prime; show_title_and_caption= »off » _builder_version= »4.20.2&Prime; _module_preset= »default » global_colors_info= »{} »][/et_pb_gallery][/et_pb_column][/et_pb_row][et_pb_row column_structure= »1_4,3_4&Prime; _builder_version= »4.20.2&Prime; _module_preset= »default » global_colors_info= »{} »][et_pb_column type= »1_4&Prime; _builder_version= »4.20.2&Prime; _module_preset= »default » global_colors_info= »{} »][et_pb_text _builder_version= »4.20.2&Prime; _module_preset= »default » global_colors_info= »{} »]</p>
<h1><strong><span style="color: #993300;">PRÉSENTATIONS <br /></span></strong></h1>
<p>[/et_pb_text][/et_pb_column][et_pb_column type= »3_4&Prime; _builder_version= »4.20.2&Prime; _module_preset= »default » global_colors_info= »{} »][et_pb_text _builder_version= »4.20.2&Prime; _module_preset= »default » custom_padding= »1px||0px||| » global_colors_info= »{} »]</p>
<p><span style="font-size: large; color: #000000;">Briefing politique &#8211; Craig Brett : <strong><a href="https://umnb.ca/wp-content/uploads/2024/03/Bilingual_CraigBrett_MunicipalTrends2000To2022_final.pptx.pdf">ICI</a></strong></span></p>
<p><span style="font-size: large; color: #000000;">Briefing politique &#8211; Porter O&rsquo;Brien :<a href="https://umnb.ca/wp-content/uploads/2024/03/2024-03-20-1115-Porter-OBrien-Communication-Strategy-EN_FR-1.pdf"><strong> ICI</strong></a></span></p>
<p><span style="font-size: large; color: #000000;">Atelier &#8211; Lieu de travail respectueux de l&rsquo;environnement avec MC Advisory et McInnes Cooper : <a href="https://umnb.ca/wp-content/uploads/2024/03/2024-03-20-MC-FINAL-Respectful-Workplace-UMNB-FR.pptx.pdf"><strong>ICI </strong></a></span></p>
<p><span style="font-size: large; color: #000000;">Atelier &#8211; Document distribué par MC Advisory et McInnes Cooper :<strong><a href="https://umnb.ca/wp-content/uploads/2024/03/MC-MCA-Solutions-Union-of-NB-Municipalities-2024-Digital-French-Version.pdf"> ICI</a></strong></span></p>
<p><span style="font-size: large; color: #000000;">Atelier &#8211; Canoe Insurane : <strong><a href="https://umnb.ca/wp-content/uploads/2024/03/2024-03-21-800-CANOE-NB-Presentation_French.pptx.pdf">ICI</a></strong></span></p>
<p><span style="font-size: large; color: #000000;">Succès fiscaux &#8211; SUMA : <strong><a href="https://umnb.ca/wp-content/uploads/2024/03/2024-03-21-845-AM-MRS-presentation-SUMA-FR.pptx.pdf">ICI</a></strong></span></p>
<p><span style="font-size: large; color: #000000;">Réussites fiscales &#8211; SUMA Handout : <strong><a href="https://umnb.ca/wp-content/uploads/2024/03/2024-03-01-SUM-MRS-Declaration-of-Eligibility-Requirements-FR.pdf">ICI</a></strong></span></p>
<p><span style="font-size: large; color: #000000;">Réussites fiscales &#8211; UMQ : <strong><a href="https://umnb.ca/wp-content/uploads/2024/03/2024-03-21-Presentation-UMNB-Partenariat-Quebec-municipalites-FR.pdf">ICI</a></strong></span></p>
<p>[/et_pb_text][/et_pb_column][/et_pb_row][et_pb_row _builder_version= »4.20.2&Prime; _module_preset= »default » global_colors_info= »{} »][et_pb_column type= »4_4&Prime; _builder_version= »4.20.2&Prime; _module_preset= »default » global_colors_info= »{} »][et_pb_map address= »659 Queen St, Fredericton, NB E3B 1C3, Canada » address_lat= »45.9606718&Prime; address_lng= »-66.636786&Prime; _builder_version= »4.20.2&Prime; _module_preset= »default » global_colors_info= »{} »][/et_pb_map][/et_pb_column][/et_pb_row][et_pb_row column_structure= »1_4,3_4&Prime; _builder_version= »4.20.2&Prime; _module_preset= »default » global_colors_info= »{} »][et_pb_column type= »1_4&Prime; _builder_version= »4.20.2&Prime; _module_preset= »default » global_colors_info= »{} »][et_pb_text _builder_version= »4.20.2&Prime; _module_preset= »default » width= »100% » global_colors_info= »{} »]</p>
<h2><span style="font-size: x-large; color: #a31600;"><strong>Merci à nos commanditaires :</strong></span></h2>
<p>[/et_pb_text][/et_pb_column][et_pb_column type= »3_4&Prime; _builder_version= »4.20.2&Prime; _module_preset= »default » global_colors_info= »{} »][/et_pb_column][/et_pb_row][et_pb_row column_structure= »1_2,1_2&Prime; _builder_version= »4.20.2&Prime; _module_preset= »default » global_colors_info= »{} »][et_pb_column type= »1_2&Prime; _builder_version= »4.20.2&Prime; _module_preset= »default » global_colors_info= »{} »][et_pb_image src= »https://umnb.ca/wp-content/uploads/2024/02/Canoe_colour_mainH-2.png » _builder_version= »4.20.2&Prime; _module_preset= »default » global_colors_info= »{} »][/et_pb_image][/et_pb_column][et_pb_column type= »1_2&Prime; _builder_version= »4.20.2&Prime; _module_preset= »default » global_colors_info= »{} »][et_pb_image src= »https://umnb.ca/wp-content/uploads/2024/03/MIC202-16-Logo-MC-Advisory-CMYK-LARGE-1.jpg » _builder_version= »4.20.2&Prime; _module_preset= »default » global_colors_info= »{} »][/et_pb_image][et_pb_image src= »https://umnb.ca/wp-content/uploads/2024/03/New-McInnes-Cooper-Thick-Logo-CMYK-1.jpg » _builder_version= »4.20.2&Prime; _module_preset= »default » global_colors_info= »{} »][/et_pb_image][/et_pb_column][/et_pb_row][/et_pb_section]</p>

<p>Grandir ensemble : Des communautés fortes pour une province forte Nous remercions chaleureusement chacun d&rsquo;entre vous de s&rsquo;être joint à nous au Crowne Plaza Fredericton pour notre événement inaugural d&rsquo;une journée et demie, les 20 et 21 mars 2024. Votre présence et votre participation active ont fait des Journées de la représentation des intérêts 2024 [&hellip;]</p>
